e 2) to base 4
2
Convert 3 (base 9) to base 2.
11
Convert 11 (base 7) to base 4.
20
-1c (base 15) to base 4
-123
Convert 103 (base 7) to base 8.
64
Convert 11 (base 3) to base 2.
100
-44 (base 7) to base 2
-100000
What is -6 (base 7) in base 15?
-6
What is 38 (base 14) in base 5?
200
What is -3 (base 4) in base 5?
-3
0 (base 13) to base 3
0
Convert 30 (base 5) to base 2.
1111
Convert 153 (base 7) to base 9.
106
What is -22 (base 13) in base 10?
-28
What is -267 (base 8) in base 9?
-223
Convert 133 (base 5) to base 7.
61
Convert -156 (base 7) to base 8.
-132
Convert 4 (base 16) to base 9.
4
What is -12 (base 3) in base 9?
-5
Convert 2 (base 16) to base 5.
2
Convert 5 (base 14) to base 9.
5
Convert 511 (base 8) to base 6.
1305
-11 (base 3) to base 11
-4
Convert 203 (base 8) to base 12.
ab
Convert -1 (base 13) to base 8.
-1
11 (base 8) to base 3
100
-b (base 12) to base 3
-102
Convert 143 (base 6) to base 7.
120
What is -3 (base 12) in base 4?
-3
-1 (base 12) to base 4
-1
20 (base 11) to base 4
112
Convert 20021 (base 3) to base 16.
a9
What is 0 (base 13) in base 6?
0
Convert 144 (base 5) to base 10.
49
What is 404 (base 9) in base 7?
646
0 (base 6) to base 12
0
What is 0 (base 3) in base 11?
0
Convert 10 (base 2) to base 13.
2
What is 2 (base 4) in base 9?
2
What is 0 (base 12) in base 16?
0
-83 (base 10) to base 9
-102
4a (base 11) to base 6
130
Convert -201 (base 9) to base 15.
-ad
Convert 1a1 (base 14) to base 4.
11101
What is 59 (base 15) in base 10?
84
4 (base 8) to base 14
4
Convert -1112 (base 4) to base 9.
-105
-4 (base 12) to base 2
-100
22 (base 3) to base 9
8
-4 (base 10) to base 15
-4
What is -1111 (base 2) in base 5?
-30
10 (base 2) to base 10
2
Convert 200 (base 3) to base 11.
17
What is -615 (base 7) in base 4?
-10302
Convert 32 (base 10) to base 4.
200
What is a (base 14) in base 8?
12
Convert -16 (base 10) to base 7.
-22
100 (base 5) to base 13
1c
100111 (base 2) to base 3
1110
Convert 3 (base 13) to base 11.
3
What is -2 (base 6) in base 8?
-2
What is -153 (base 6) in base 8?
-105
-10 (base 6) to base 15
-6
What is 10 (base 2) in base 4?
2
11 (base 9) to base 8
12
Convert -10 (base 5) to base 14.
-5
Convert -c (base 15) to base 16.
-c
What is -101 (base 2) in base 11?
-5
-7 (base 8) to base 16
-7
-130 (base 4) to base 6
-44
What is -19 (base 16) in base 12?
-21
What is 1330 (base 4) in base 7?
235
Convert 37 (base 12) to base 11.
3a
What is -114 (base 13) in base 4?
-2322
What is -1a (base 15) in base 7?
-34
What is -e (base 15) in base 13?
-11
Convert 122 (base 8) to base 9.
101
5 (base 13) to base 12
5
-10100 (base 2) to base 4
-110
-14 (base 12) to base 6
-24
Convert -1001 (base 2) to base 12.
-9
Convert -10 (base 6) to base 2.
-110
-105 (base 6) to base 8
-51
27 (base 14) to base 10
35
Convert -8 (base 16) to base 13.
-8
What is -14 (base 5) in base 3?
-100
Convert 15 (base 15) to base 10.
20
Convert 9 (base 14) to base 10.
9
What is 1 (base 10) in base 7?
1
What is 52 (base 9) in base 10?
47
Convert 85 (base 9) to base 13.
5c
What is 2 (base 4) in base 11?
2
Convert -112 (base 11) to base 8.
-206
120 (base 5) to base 11
32
32 (base 6) to base 15
15
130 (base 8) to base 4
1120
What is -1234 (base 5) in base 15?
-ce
-2123 (base 4) to base 15
-a5
What is 0 (base 8) in base 9?
0
-60 (base 10) to base 2
-111100
What is 100010 (base 3) in base 2?
11110110
Convert 52 (base 16) to base 9.
101
Convert -9a (base 14) to base 12.
-b4
-1 (base 11) to base 3
-1
-3 (base 10) to base 8
-3
What is -1 (base 15) in base 8?
-1
Convert -11 (base 12) to base 3.
-111
What is -14 (base 16) in base 11?
-19
-1 (base 13) to base 14
-1
-111 (base 2) to base 5
-12
-111 (base 2) to base 14
-7
What is -11010 (base 2) in base 15?
-1b
Convert 2 (base 3) to base 4.
2
Convert 3 (base 12) to base 16.
3
Convert 2 (base 15) to base 9.
2
Convert -3f (base 16) to base 14.
-47
What is 7 (base 10) in base 14?
7
18 (base 11) to base 13
16
What is -10 (base 12) in base 13?
-c
Convert -6 (base 13) to base 9.
-6
24 (base 12) to base 5
103
-11000100 (base 2) to base 16
-c4
0 (base 6) to base 12
0
What is -3 (base 9) in base 12?
-3
What is 2 (base 4) in base 7?
2
-12 (base 11) to base 9
-14
Convert 414 (base 5) to base 4.
1231
What is -5 (base 10) in base 2?
-101
Convert -11010010 (base 2) to base 13.
-132
Convert -36 (base 8) to base 13.
-24
-60 (base 7) to base 16
-2a
-102 (base 11) to base 4
-1323
Convert 23 (base 12) to base 4.
123
-12 (base 9) to base 4
-23
What is -7 (base 8) in base 5?
-12
Convert -12 (base 9) to base 16.
-b
-124 (base 6) to base 4
-310
Convert -139 (base 12) to base 13.
-117
5 (base 16) to base 8
5
Convert 124 (base 7) to base 14.
4b
-4 (base 6) to base 7
-4
128 (base 14) to base 6
1024
Convert 1020 (base 3) to base 2.
100001
1 (base 3) to base 2
1
-d (base 16) to base 7
-16
What is -2 (base 11) in base 4?
-2
-206 (base 9) to base 12
-120
Convert -23 (base 6) to base 11.
-14
Convert -b (base 13) to base 7.
-14
Convert 13 (base 5) to base 15.
8
e1 (base 15) to base 16
d3
-18 (base 10) to base 6
-30
Convert 1 (base 6) to base 10.
1
Convert -a (base 12) to base 13.
-a
Convert 0 (base 2) to base 10.
0
Convert 22 (base 3) to base 13.
8
Convert 23 (base 9) to base 16.
15
What is -33 (base 14) in base 5?
-140
26 (base 8) to base 3
211
105 (base 12) to base 13
b6
What is 22222 (base 3) in base 9?
288
What is 3 (base 12) in base 6?
3
Convert ca (base 14) to base 5.
1203
-15 (base 11) to base 5
-31
What is -10100101 (base 2) in base 8?
-245
What is 1242 (base 6) in base 10?
314
What is 3 (base 15) in base 3?
10
What is 1100101 (base 2) in base 4?
1211
What is 120100 (base 3) in base 14?
218
What is a2 (base 11) in base 6?
304
8 (base 13) to base 10
8
Convert 0 (base 8) to base 11.
0
Convert 0 (base 14) to base 2.
0
What is -10 (base 11) in base 3?
-102
104 (base 5) to base 12
25
-81 (base 14) to base 8
-161
23 (base 5) to base 2
1101
What is -36 (base 8) in base 16?
-1e
Convert -211 (base 5) to base 13.
-44
3 (base 4) to base 3
10
What is -16 (base 10) in base 4?
-100
-1012 (base 4) to base 16
-46
What is 0 (base 3) in base 8?
0
-18 (base 13) to base 10
-21
Convert -208 (base 12) to base 15.
-14b
Convert 10d (base 15) to base 6.
1034
What is -4 (base 8) in base 5?
-4
What is -2 (base 8) in base 10?
-2
Convert 100 (base 2) to base 3.
11
-11 (base 7) to base 16
-8
Convert -9 (base 12) to base 10.
-9
-1 (base 2) to base 8
-1
-1c1 (base 13) to base 11
-277
What is -15 (base 13) in base 14?
-14
Convert -1 (base 14) to base 2.
-1
Convert 6 (base 16) to base 11.
6
What is -36 (base 15) in base 3?
-1220
What is -1 (base 13) in base 15?
-1
Convert 0 (base 15) to base 7.
0
Convert -25 (base 12) to base 14.
-21
Convert -31 (base 7) to base 2.
-10110
What is -3 (base 14) in base 2?
-11
What is -2111 (base 3) in base 5?
-232
Convert -2 (base 16) to base 13.
-2
What is -39 (base 13) in base 3?
-1210
-2 (base 14) to base 9
-2
Convert 1 (base 8) to base 5.
1
What is 4 (base 5) in base 13?
4
Convert -3 (base 15) to base 8.
-3
2 (base 4) to base 11
2
Convert -101100 (base 2) to base 9.
-48
-110 (base 2) to base 4
-12
Convert -310 (base 4) to base 3.
-1221
What is -1101 (base 2) in base 5?
-23
What is 6 (base 14) in base 15?
6
Convert 12 (base 9) to base 3.
102
Convert 104 (base 12) to base 7.
301
What is -105 (base 10) in base 14?
-77
Convert -6 (base 10) to base 5.
-11
What is -545 (base 6) in base 2?
-11010001
What is -5 (base 16) in base 6?
-5
9 (base 10) to base 14
9
Convert -3 (base 10) to base 8.
-3
Convert -21 (base 4) to base 16.
-9
-8 (base 10) to base 9
-8
What is -1 (base 8) in base 12?
-1
What is -12 (base 5) in base 11?
-7
What is -3 (base 8) in base 15?
-3
What is -350 (base 7) in base 11?
-156
What is -112 (base 6) in base 10?
-44
What is -84 (base 9) in base 13?
-5b
Convert -3 (base 13) to base 3.
-10
4 (base 6) to base 3
11
What is 0 (base 14) in base 2?
0
Convert 11 (base 9) to base 4.
22
What is 1b (base 14) in base 9?
27
-10 (base 13) to base 11
-12
Convert -48 (base 14) to base 5.
-224
39 (base 12) to base 13
36
-3 (base 16) to base 10
-3
Convert 1 (base 11) to base 4.
1
-8 (base 12) to base 2
-1000
Convert -47 (base 9) to base 8.
-53
Convert 1220 (base 3) to base 4.
303
-5 (base 11) to base 13
-5
Convert 4b (base 12) to base 2.
111011
-11001 (bas